{"id":1070,"date":"2020-08-20T13:37:55","date_gmt":"2020-08-20T13:37:55","guid":{"rendered":"https:\/\/www.osmiorniczka.net\/plywanie\/?page_id=1070"},"modified":"2025-01-27T13:38:15","modified_gmt":"2025-01-27T11:38:15","slug":"zapisy","status":"publish","type":"page","link":"https:\/\/www.osmiorniczka.net\/plywanie\/zapisy\/","title":{"rendered":"Zapisy"},"content":{"rendered":"\t\t<div data-elementor-type=\"wp-page\" data-elementor-id=\"1070\" class=\"elementor elementor-1070\">\n\t\t\t\t\t\t<section class=\"elementor-section elementor-top-section elementor-element elementor-element-ab37b25 elementor-section-boxed elementor-section-height-default elementor-section-height-default\" data-id=\"ab37b25\" data-element_type=\"section\">\n\t\t\t\t\t\t<div class=\"elementor-container elementor-column-gap-default\">\n\t\t\t\t\t<div class=\"elementor-column elementor-col-50 elementor-top-column elementor-element elementor-element-b3708e0\" data-id=\"b3708e0\" data-element_type=\"column\">\n\t\t\t<div class=\"elementor-widget-wrap elementor-element-populated\">\n\t\t\t\t\t\t<div class=\"elementor-element elementor-element-12eb2fe elementor-widget elementor-widget-text-editor\" data-id=\"12eb2fe\" data-element_type=\"widget\" data-widget_type=\"text-editor.default\">\n\t\t\t\t<div class=\"elementor-widget-container\">\n\t\t\t\t\t\t\t\t\t<p><span style=\"color: #612673;\">Aby zapisa\u0107 si\u0119 na zaj\u0119cia, wystarczy \u017ce wype\u0142nisz formularz. Po jego wype\u0142nieniu, skontaktujemy si\u0119 z Tob\u0105 w celu ustalenia szczeg\u00f3\u0142\u00f3w zapisu.<\/span><\/p><p>Je\u015bli jednak wolisz kontakt bezpo\u015bredni, zadzwo\u0144 do nas pod numer <span style=\"color: #612673;\"><strong>500 053 303<\/strong><\/span> &#8211; wsp\u00f3lnie uzgodnimy dogodny termin i dopasujemy odpowiedni\u0105 grup\u0119<\/p>\t\t\t\t\t\t\t\t<\/div>\n\t\t\t\t<\/div>\n\t\t\t\t\t<\/div>\n\t\t<\/div>\n\t\t\t\t<div class=\"elementor-column elementor-col-50 elementor-top-column elementor-element elementor-element-2bbbc29\" data-id=\"2bbbc29\" data-element_type=\"column\">\n\t\t\t<div class=\"elementor-widget-wrap elementor-element-populated\">\n\t\t\t\t\t\t<div class=\"elementor-element elementor-element-6da9735 elementor-widget elementor-widget-text-editor\" data-id=\"6da9735\" data-element_type=\"widget\" data-widget_type=\"text-editor.default\">\n\t\t\t\t<div class=\"elementor-widget-container\">\n\t\t\t\t\t\t\t\t\t<div class=\"activenow-form-container activenow-form-114391-container\"><center><img decoding=\"async\" src=\"https:\/\/www.activenow.io\/assets\/ripple.gif\" width=\"100px\" \/><\/center><script async src='https:\/\/app.activenow.io\/external\/signup_form\/load_by_js?code=d577191b4db1d1522bf04fafeb18b352&#038;school_id=2899&#038;signup_form_id=114391&#038;zz='><\/script><\/div>\t\t\t\t\t\t\t\t<\/div>\n\t\t\t\t<\/div>\n\t\t\t\t\t<\/div>\n\t\t<\/div>\n\t\t\t\t\t<\/div>\n\t\t<\/section>\n\t\t\t\t<\/div>\n\t\t","protected":false},"excerpt":{"rendered":"<p>Aby zapisa\u0107 si\u0119 na zaj\u0119cia, wystarczy \u017ce wype\u0142nisz formularz. Po jego wype\u0142nieniu, skontaktujemy si\u0119 z Tob\u0105 w celu ustalenia szczeg\u00f3\u0142\u00f3w zapisu. Je\u015bli [&hellip;]<\/p>\n","protected":false},"author":1,"featured_media":0,"parent":0,"menu_order":0,"comment_status":"closed","ping_status":"closed","template":"page-templates\/page_fullwidth.php","meta":{"footnotes":""},"class_list":["post-1070","page","type-page","status-publish","hentry"],"_links":{"self":[{"href":"https:\/\/www.osmiorniczka.net\/plywanie\/wp-json\/wp\/v2\/pages\/1070","targetHints":{"allow":["GET"]}}],"collection":[{"href":"https:\/\/www.osmiorniczka.net\/plywanie\/wp-json\/wp\/v2\/pages"}],"about":[{"href":"https:\/\/www.osmiorniczka.net\/plywanie\/wp-json\/wp\/v2\/types\/page"}],"author":[{"embeddable":true,"href":"https:\/\/www.osmiorniczka.net\/plywanie\/wp-json\/wp\/v2\/users\/1"}],"replies":[{"embeddable":true,"href":"https:\/\/www.osmiorniczka.net\/plywanie\/wp-json\/wp\/v2\/comments?post=1070"}],"version-history":[{"count":28,"href":"https:\/\/www.osmiorniczka.net\/plywanie\/wp-json\/wp\/v2\/pages\/1070\/revisions"}],"predecessor-version":[{"id":3208,"href":"https:\/\/www.osmiorniczka.net\/plywanie\/wp-json\/wp\/v2\/pages\/1070\/revisions\/3208"}],"wp:attachment":[{"href":"https:\/\/www.osmiorniczka.net\/plywanie\/wp-json\/wp\/v2\/media?parent=1070"}],"curies":[{"name":"wp","href":"https:\/\/api.w.org\/{rel}","templated":true}]}}